{"id":1209,"date":"2009-10-12T15:01:00","date_gmt":"2009-10-12T14:01:00","guid":{"rendered":"http:\/\/battle.atorgael.com\/?page_id=1209"},"modified":"2014-01-27T10:02:18","modified_gmt":"2014-01-27T09:02:18","slug":"challenges-d-ecriture","status":"publish","type":"page","link":"https:\/\/www.atorgael.com\/?page_id=1209","title":{"rendered":"Les challenges d&rsquo;\u00e9criture (2014)"},"content":{"rendered":"<h1>2014<\/h1>\n<h2>Challenge d&rsquo;\u00e9criture n\u00b050 &#8211; Mars 2014<\/h2>\n<h3>Le th\u00e8me \u2013 \u00ab\u00a0Page blanche\u00a0\u00bb<\/h3>\n<p>Que peut-on imaginer dans ce th\u00e8me, comment je vois les choses : D\u00e9j\u00e0 la page blanche c&rsquo;est ce que vous avez sous les yeux quand vous commencer un challenge par exemple, c&rsquo;est \u00e0 dire rien qu&rsquo;il va falloir remplir de mots.<\/p>\n<p>On peut donc imaginer tous les affres de la cr\u00e9ation et les difficult\u00e9s du cr\u00e9ateur devant ce rien. Par extension, on peut imaginer un peintre devant une toile vierge, un sculpteur devant un bloc de pierre &#8230; Bref tous les aspects de la cr\u00e9ation peuvent \u00eatre utilis\u00e9s.<\/p>\n<p>Une page blanche \u00e7a peut aussi \u00eatre quelque chose de nouveau dans une vie, un tournant radical, une nouvelle vie.<\/p>\n<p>Mais \u00e7a peut \u00eatre bien d&rsquo;autres choses, et l\u00e0 je vous laisse \u00e0 votre imagination que je sais d\u00e9bordante et foisonnante.<\/p>\n<p>Alors \u00e0 vos plumes et remplissez moi cette page blanche d&rsquo;au moins 1.500 mots (10.000 cec) sans trop d\u00e9passer les 3.000 (20.000 cec) pour le <span style=\"text-decoration: underline;\">28 mars<\/span>.<\/p>\n<p><strong>Formalit\u00e9s et autres informations concernant les challenges sur <a title=\"Participer au challenge d\u2019\u00e9criture\" href=\"http:\/\/www.atorgael.com\/?p=4764\">la page d\u00e9di\u00e9e<\/a>.<\/strong><\/p>\n","protected":false},"excerpt":{"rendered":"2014\nChallenge d&rsquo;\u00e9criture n\u00b050 &#8211; Mars 2014\nLe th\u00e8me \u2013 \u00ab\u00a0Page blanche\u00a0\u00bb\n<p>Que peut-on imaginer dans ce th\u00e8me, comment je vois les choses : D\u00e9j\u00e0 la page blanche c&rsquo;est ce que vous avez sous les yeux quand vous commencer un challenge par exemple, <a rel=\"nofollow\" href=\"https:\/\/www.atorgael.com\/?page_id=1209\">... [Lire la suite]<\/a>","protected":false},"author":2,"featured_media":0,"parent":0,"menu_order":2,"comment_status":"closed","ping_status":"closed","template":"","meta":{"jetpack_post_was_ever_published":false,"footnotes":""},"class_list":["post-1209","page","type-page","status-publish","hentry"],"jetpack_likes_enabled":true,"jetpack_sharing_enabled":true,"_links":{"self":[{"href":"https:\/\/www.atorgael.com\/index.php?rest_route=\/wp\/v2\/pages\/1209","targetHints":{"allow":["GET"]}}],"collection":[{"href":"https:\/\/www.atorgael.com\/index.php?rest_route=\/wp\/v2\/pages"}],"about":[{"href":"https:\/\/www.atorgael.com\/index.php?rest_route=\/wp\/v2\/types\/page"}],"author":[{"embeddable":true,"href":"https:\/\/www.atorgael.com\/index.php?rest_route=\/wp\/v2\/users\/2"}],"replies":[{"embeddable":true,"href":"https:\/\/www.atorgael.com\/index.php?rest_route=%2Fwp%2Fv2%2Fcomments&post=1209"}],"version-history":[{"count":0,"href":"https:\/\/www.atorgael.com\/index.php?rest_route=\/wp\/v2\/pages\/1209\/revisions"}],"wp:attachment":[{"href":"https:\/\/www.atorgael.com\/index.php?rest_route=%2Fwp%2Fv2%2Fmedia&parent=1209"}],"curies":[{"name":"wp","href":"https:\/\/api.w.org\/{rel}","templated":true}]}}