{"id":736,"date":"2014-09-08T07:30:25","date_gmt":"2014-09-08T05:30:25","guid":{"rendered":"http:\/\/www.atorgael.com\/atglvxi_wp\/lothar\/?page_id=2"},"modified":"2014-09-30T11:08:53","modified_gmt":"2014-09-30T09:08:53","slug":"socles","status":"publish","type":"page","link":"https:\/\/www.atorgael.com\/figurine\/figurines-en-vracs\/socles\/","title":{"rendered":"Le socle c&rsquo;est la base"},"content":{"rendered":"<p>Quelle que soit votre figurine, vous devrez \u00e0 un moment vous poser la question du socle. Sa couleur, les \u00e9l\u00e9ments \u00e0 y coller&#8230;<\/p>\n<p>L&rsquo;important est pour une arm\u00e9e enti\u00e8re, de garder la coh\u00e9rence entre les figurines. Si les figurines particuli\u00e8res m\u00e9ritent un traitement suppl\u00e9mentaire, ceci ne devrait pas se faire au d\u00e9triment de la coh\u00e9rence de l&rsquo;ensemble.<\/p>\n<p>Je vais regrouper dans cet article tous les socles sur les lesquels reposent mes figurines, libre \u00e0 vous d&rsquo;en faire ce que vous voudrez.<\/p>\n<h1>Mat\u00e9riaux de base<\/h1>\n<p>Commen\u00e7ons par les mat\u00e9riaux \u00e0 utiliser pour habiller vos socles \u00e0 minima. Si je devais r\u00e9sumer, je dirais : sable et gravier.<\/p>\n<p>J&rsquo;ai trouv\u00e9 un fournisseur id\u00e9al pour cela : Ik\u00e9a. \u00c7a peut paraitre \u00e9trange, mais allez voir du c\u00f4t\u00e9 des plantes en plastiques et autres d\u00e9cos d&rsquo;int\u00e9rieur et vous trouverez du sable et des graviers de diff\u00e9rentes couleurs, tout simplement parfaits pour vos socles. C&rsquo;est la gamme <a href=\"http:\/\/www.ikea.com\/fr\/fr\/search\/?query=KUL%C3%96RT+D%C3%A9coration%2C+sable%2Fcailloux\" target=\"_blank\">K\u00dcLORT <\/a>et \u00e7a ne coute que 1,99\u20ac les 750 grammes. De quoi faire un paquet de socles.<\/p>\n<p>Pour fixer \u00e7a au socle, une colle \u00e0 bois classique fonctionne parfaitement.<\/p>\n<p>Enduisez le socle d&rsquo;une bonne couche de colle, poser les petits cailloux en premiers. Le socle peut \u00eatre pass\u00e9 dans le sable directement ou ce dernier vers\u00e9 sur la colle. le surplus est enlev\u00e9 avant de laisser s\u00e9cher quelques heures.<\/p>\n<p>A noter que pour les cailloux les plus gros, il peut \u00eatre utile de les coller avec de la colle forte.<\/p>\n<p>Une fois que c&rsquo;est sec, passez votre doigts sur le socle, le sable le moins bien fix\u00e9 va tomber. \u00c7a \u00e9vitera qu&rsquo;il ne s&rsquo;accroche \u00e0 votre pinceau quand vous peindrez le socle.<\/p>\n<p>C&rsquo;est d&rsquo;une simplicit\u00e9 tellement banale qu&rsquo;il ne devrait pas \u00eatre possible de voir des figurines sans ce minimum, non?<\/p>\n<h1>Peintures textur\u00e9es<\/h1>\n<p>GW a cr\u00e9\u00e9 des peintures textur\u00e9es destin\u00e9es \u00e0 faire de beaux socles. C&rsquo;est solution est tout aussi simple et presque plus rapide encore.<\/p>\n<p>Ces peintures textur\u00e9es permettent de faire rapidement un sol in\u00e9gal qui, apr\u00e8s un l\u00e9ger brossage, donnera une belle finition toute simple \u00e0 votre figurine.<\/p>\n<p>Notez les noms des Citadel Texture : Armageddon Dust, Astrogranite, Blackfire Earth, Lustrian Undergrowth, Mourn Mountain Snow, Stirland Mud.<\/p>\n<p>Associ\u00e9es \u00e0 leurs peintures de brossage respectives le rendu final sera rapide et parfait pour de la production de masse.<\/p>\n<p><a href=\"http:\/\/www.atorgael.com\/figurine\/files\/2010\/06\/tab-color006.jpg\"><img loading=\"lazy\" decoding=\"async\" class=\"aligncenter size-full wp-image-636\" src=\"http:\/\/www.atorgael.com\/figurine\/files\/2010\/06\/tab-color006.jpg\" alt=\"tab-color006\" width=\"1011\" height=\"278\" srcset=\"https:\/\/www.atorgael.com\/figurine\/files\/2010\/06\/tab-color006.jpg 1011w, https:\/\/www.atorgael.com\/figurine\/files\/2010\/06\/tab-color006-150x41.jpg 150w, https:\/\/www.atorgael.com\/figurine\/files\/2010\/06\/tab-color006-300x82.jpg 300w, https:\/\/www.atorgael.com\/figurine\/files\/2010\/06\/tab-color006-800x219.jpg 800w\" sizes=\"auto, (max-width: 1011px) 100vw, 1011px\" \/><\/a>La derni\u00e8re venue est l&rsquo;Agrellan Earth qui permet de faire un sol fissur\u00e9.<\/p>\n<h1>Socles en r\u00e9sine &#8211; Kit de soclage<\/h1>\n<p>GW propose des kits de soclage regroupant tout ce qu&rsquo;il faut pour faire de beaux socles \u00e0 th\u00e8me : herbes hautes\/rases, sol enneig\u00e9, dalles de donjons, zone de bataille anciennes, &#8230;<\/p>\n<p>Pour quelques figurines particuli\u00e8res c&rsquo;est parfait, mais pour toute une arm\u00e9e \u00e7a risque de vous couter assez cher. En gros, les personnages, chef d&rsquo;unit\u00e9 ou gros monstres peuvent m\u00e9riter cette attention particuli\u00e8re mais pour les troupes de base, il sera plus sage de faire des socles plus classiques et plus simples.<\/p>\n<h1>Mes socles<\/h1>\n<p>Voici quelques socles que j&rsquo;ai pu r\u00e9aliser ces derniers temps pour mes figurines.<\/p>\n<p><strong>Sol boueux<\/strong><\/p>\n<p><a href=\"http:\/\/www.atorgael.com\/figurine\/files\/2014\/03\/intercep-socle1.jpg\"><img loading=\"lazy\" decoding=\"async\" class=\"alignleft wp-image-888 size-thumbnail\" src=\"http:\/\/www.atorgael.com\/figurine\/files\/2014\/03\/intercep-socle1-150x83.jpg\" alt=\"intercep-socle1\" width=\"150\" height=\"83\" srcset=\"https:\/\/www.atorgael.com\/figurine\/files\/2014\/03\/intercep-socle1-150x83.jpg 150w, https:\/\/www.atorgael.com\/figurine\/files\/2014\/03\/intercep-socle1-300x166.jpg 300w, https:\/\/www.atorgael.com\/figurine\/files\/2014\/03\/intercep-socle1-800x444.jpg 800w, https:\/\/www.atorgael.com\/figurine\/files\/2014\/03\/intercep-socle1.jpg 828w\" sizes=\"auto, (max-width: 150px) 100vw, 150px\" \/><\/a>A base d&rsquo;Agrellan Earth, cette peinture qui se fissure au s\u00e9chage.<\/p>\n<p>Une simple couche sur le socle, un lavis d&rsquo;Agrax suivi d&rsquo;un lavis de Nuln Oil et c&rsquo;est tout. Difficile de faire plus simple, m\u00eame s&rsquo;il faut quand m\u00eame avoir un peu d&rsquo;habitude avec l&rsquo;Agrellan Earth pour obtenir de belles fissures. La figurine est coll\u00e9e apr\u00e8s que le sol soit sec.<\/p>\n<p><strong>D\u00e9sert rouge<\/strong><\/p>\n<p><a href=\"http:\/\/www.atorgael.com\/figurine\/files\/2012\/08\/10ba-socle.jpg\"><img loading=\"lazy\" decoding=\"async\" class=\"alignleft size-thumbnail wp-image-620\" src=\"http:\/\/www.atorgael.com\/figurine\/files\/2012\/08\/10ba-socle-150x103.jpg\" alt=\"10ba-socle\" width=\"150\" height=\"103\" srcset=\"https:\/\/www.atorgael.com\/figurine\/files\/2012\/08\/10ba-socle-150x103.jpg 150w, https:\/\/www.atorgael.com\/figurine\/files\/2012\/08\/10ba-socle-300x206.jpg 300w, https:\/\/www.atorgael.com\/figurine\/files\/2012\/08\/10ba-socle.jpg 558w\" sizes=\"auto, (max-width: 150px) 100vw, 150px\" \/><\/a>Pour cette figurine comportant d\u00e9j\u00e0 une sur\u00e9l\u00e9vation, ce fut tr\u00e8s simple : du sable et rien d&rsquo;autre.<a href=\"http:\/\/www.atorgael.com\/figurine\/files\/2012\/08\/06ba-socle.jpg\"><img loading=\"lazy\" decoding=\"async\" class=\"alignright size-thumbnail wp-image-619\" src=\"http:\/\/www.atorgael.com\/figurine\/files\/2012\/08\/06ba-socle-150x150.jpg\" alt=\"06ba-socle\" width=\"150\" height=\"150\" srcset=\"https:\/\/www.atorgael.com\/figurine\/files\/2012\/08\/06ba-socle-150x150.jpg 150w, https:\/\/www.atorgael.com\/figurine\/files\/2012\/08\/06ba-socle-300x300.jpg 300w, https:\/\/www.atorgael.com\/figurine\/files\/2012\/08\/06ba-socle.jpg 800w\" sizes=\"auto, (max-width: 150px) 100vw, 150px\" \/><\/a><\/p>\n<p>C\u00f4t\u00e9 peinture, ce socle a \u00e9t\u00e9 peint au Jokaero Orange ombr\u00e9 \u00e0 l&rsquo;Agrax puis bross\u00e9 au Underhive ash. Rapide et efficace.<\/p>\n<p>M\u00eame chose pour ce socle plus grand de Dreadnought avec quelques \u00e9l\u00e9ments d&rsquo;un kit de soclage coll\u00e9 au pr\u00e9alable.<\/p>\n<p><strong>D\u00e9solation grise<\/strong><\/p>\n<p><a href=\"http:\/\/www.atorgael.com\/figurine\/files\/2013\/06\/11soclage1.jpg\"><img loading=\"lazy\" decoding=\"async\" class=\"alignleft size-thumbnail wp-image-841\" src=\"http:\/\/www.atorgael.com\/figurine\/files\/2013\/06\/11soclage1-150x103.jpg\" alt=\"11soclage1\" width=\"150\" height=\"103\" srcset=\"https:\/\/www.atorgael.com\/figurine\/files\/2013\/06\/11soclage1-150x103.jpg 150w, https:\/\/www.atorgael.com\/figurine\/files\/2013\/06\/11soclage1-300x207.jpg 300w, https:\/\/www.atorgael.com\/figurine\/files\/2013\/06\/11soclage1-800x552.jpg 800w, https:\/\/www.atorgael.com\/figurine\/files\/2013\/06\/11soclage1.jpg 900w\" sizes=\"auto, (max-width: 150px) 100vw, 150px\" \/><\/a>En temps de guerre il ne reste souvent plus grand chose une fois que les troupes imp\u00e9riales sont pass\u00e9es dans le coin. Tout n&rsquo;est que poussi\u00e8re et gravats.<\/p>\n<p>Sable et graviers Ik\u00e9a, du gris pour le sable, du orange pour le caillou, quelques brossages et c&rsquo;est tout.<\/p>\n<p><strong>Socle en r\u00e9sine<\/strong><\/p>\n<p><a href=\"http:\/\/www.atorgael.com\/figurine\/files\/2013\/05\/inqui001.jpg\"><img loading=\"lazy\" decoding=\"async\" class=\"alignleft size-thumbnail wp-image-757\" src=\"http:\/\/www.atorgael.com\/figurine\/files\/2013\/05\/inqui001-150x94.jpg\" alt=\"inqui001\" width=\"150\" height=\"94\" srcset=\"https:\/\/www.atorgael.com\/figurine\/files\/2013\/05\/inqui001-150x94.jpg 150w, https:\/\/www.atorgael.com\/figurine\/files\/2013\/05\/inqui001-300x189.jpg 300w, https:\/\/www.atorgael.com\/figurine\/files\/2013\/05\/inqui001.jpg 800w\" sizes=\"auto, (max-width: 150px) 100vw, 150px\" \/><\/a>Un inquisiteur, \u00e7a m\u00e9rite d&rsquo;avoir un peu plus qu&rsquo;un socle classique de n&rsquo;importe quel troufion, donc socle en r\u00e9sine.<\/p>\n<p>ici, deux couleurs seulement fondues l&rsquo;une dans l&rsquo;autre aux lignes de jonction, quelques brossages pour uniformiser un peu le tout. Juste une couleur plus sombre pour le casque pour casser le tout.<\/p>\n<p><strong>Grands socles<\/strong><\/p>\n<p>C&rsquo;est l\u2019occasion de faire des choses un peu diff\u00e9rentes et mettre en sc\u00e8ne votre figurine, de raconter une histoire.<\/p>\n<p><a href=\"http:\/\/www.atorgael.com\/figurine\/files\/2013\/05\/02demon-socle.jpg\"><img loading=\"lazy\" decoding=\"async\" class=\"alignleft size-thumbnail wp-image-685\" src=\"http:\/\/www.atorgael.com\/figurine\/files\/2013\/05\/02demon-socle-150x93.jpg\" alt=\"02demon-socle\" width=\"150\" height=\"93\" srcset=\"https:\/\/www.atorgael.com\/figurine\/files\/2013\/05\/02demon-socle-150x93.jpg 150w, https:\/\/www.atorgael.com\/figurine\/files\/2013\/05\/02demon-socle-300x187.jpg 300w, https:\/\/www.atorgael.com\/figurine\/files\/2013\/05\/02demon-socle-800x500.jpg 800w, https:\/\/www.atorgael.com\/figurine\/files\/2013\/05\/02demon-socle.jpg 1000w\" sizes=\"auto, (max-width: 150px) 100vw, 150px\" \/><\/a>Ce d\u00e9mon pi\u00e9tine all\u00e8grement la pauvre S\u0153ur de bataille qui a eut l&rsquo;infortune de se trouver sur son passage.<\/p>\n<p>Il a fallu utiliser du pl\u00e2tre de rebouchage pour int\u00e9grer la S\u0153ur au sol, r\u00e9sultat, le socle est tr\u00e8s lourd. mais tr\u00e8s amusant \u00e0 faire&#8230;<\/p>\n<p><a href=\"http:\/\/www.atorgael.com\/figurine\/files\/2014\/05\/FAcuirass1-01.jpg\"><img loading=\"lazy\" decoding=\"async\" class=\"alignleft size-thumbnail wp-image-964\" src=\"http:\/\/www.atorgael.com\/figurine\/files\/2014\/05\/FAcuirass1-01-119x150.jpg\" alt=\"FAcuirass1-01\" width=\"119\" height=\"150\" srcset=\"https:\/\/www.atorgael.com\/figurine\/files\/2014\/05\/FAcuirass1-01-119x150.jpg 119w, https:\/\/www.atorgael.com\/figurine\/files\/2014\/05\/FAcuirass1-01-239x300.jpg 239w, https:\/\/www.atorgael.com\/figurine\/files\/2014\/05\/FAcuirass1-01.jpg 638w\" sizes=\"auto, (max-width: 119px) 100vw, 119px\" \/><\/a><a href=\"http:\/\/www.atorgael.com\/figurine\/files\/2014\/03\/nemesis2-04.jpg\"><img loading=\"lazy\" decoding=\"async\" class=\"alignright size-thumbnail wp-image-874\" src=\"http:\/\/www.atorgael.com\/figurine\/files\/2014\/03\/nemesis2-04-137x150.jpg\" alt=\"nemesis2-04\" width=\"137\" height=\"150\" srcset=\"https:\/\/www.atorgael.com\/figurine\/files\/2014\/03\/nemesis2-04-137x150.jpg 137w, https:\/\/www.atorgael.com\/figurine\/files\/2014\/03\/nemesis2-04-275x300.jpg 275w, https:\/\/www.atorgael.com\/figurine\/files\/2014\/03\/nemesis2-04-734x800.jpg 734w, https:\/\/www.atorgael.com\/figurine\/files\/2014\/03\/nemesis2-04.jpg 940w\" sizes=\"auto, (max-width: 137px) 100vw, 137px\" \/><\/a>Les marcheurs sont l&rsquo;occasion de faire plein de choses amusantes sur leurs socle.<\/p>\n<p>Le premier abat une barri\u00e8re dress\u00e9e par des adorateurs du chaos pendant que le second se balade sur ce reste d&rsquo;une route.<\/p>\n<p><a href=\"http:\/\/www.atorgael.com\/figurine\/files\/2013\/05\/01maitess-socle.jpg\"><img loading=\"lazy\" decoding=\"async\" class=\"alignleft size-thumbnail wp-image-698\" src=\"http:\/\/www.atorgael.com\/figurine\/files\/2013\/05\/01maitess-socle-150x68.jpg\" alt=\"01maitess-socle\" width=\"150\" height=\"68\" srcset=\"https:\/\/www.atorgael.com\/figurine\/files\/2013\/05\/01maitess-socle-150x68.jpg 150w, https:\/\/www.atorgael.com\/figurine\/files\/2013\/05\/01maitess-socle-300x136.jpg 300w, https:\/\/www.atorgael.com\/figurine\/files\/2013\/05\/01maitess-socle-800x364.jpg 800w, https:\/\/www.atorgael.com\/figurine\/files\/2013\/05\/01maitess-socle.jpg 1000w\" sizes=\"auto, (max-width: 150px) 100vw, 150px\" \/><\/a>Pour ce Prince Tyranide, le sol est d\u00e9j\u00e0 vid\u00e9e de toute substance vitale et des vers grouillent entre ses pattes \u00e0 la recherche de la moindre de trace \u00e0 ing\u00e9rer.<\/p>\n<p>D&rsquo;autres socles viendront \u00e9gayer ce article au fil des mois, restez en contact, j&rsquo;ai notamment des id\u00e9es pour les socles des appareils volants&#8230;<\/p>\n","protected":false},"excerpt":{"rendered":"<p>Quelle que soit votre figurine, vous devrez \u00e0 un moment vous poser la question du socle. Sa couleur, les \u00e9l\u00e9ments \u00e0 y coller&#8230; L&rsquo;important est pour une arm\u00e9e enti\u00e8re, de garder la coh\u00e9rence entre les figurines. Si les figurines particuli\u00e8res m\u00e9ritent un traitement suppl\u00e9mentaire, ceci ne devrait pas se faire au d\u00e9triment de la coh\u00e9rence [&hellip;]<\/p>\n","protected":false},"author":2,"featured_media":0,"parent":702,"menu_order":3,"comment_status":"open","ping_status":"closed","template":"","meta":{"footnotes":""},"class_list":["post-736","page","type-page","status-publish","czr-hentry"],"_links":{"self":[{"href":"https:\/\/www.atorgael.com\/figurine\/wp-json\/wp\/v2\/pages\/736","targetHints":{"allow":["GET"]}}],"collection":[{"href":"https:\/\/www.atorgael.com\/figurine\/wp-json\/wp\/v2\/pages"}],"about":[{"href":"https:\/\/www.atorgael.com\/figurine\/wp-json\/wp\/v2\/types\/page"}],"author":[{"embeddable":true,"href":"https:\/\/www.atorgael.com\/figurine\/wp-json\/wp\/v2\/users\/2"}],"replies":[{"embeddable":true,"href":"https:\/\/www.atorgael.com\/figurine\/wp-json\/wp\/v2\/comments?post=736"}],"version-history":[{"count":0,"href":"https:\/\/www.atorgael.com\/figurine\/wp-json\/wp\/v2\/pages\/736\/revisions"}],"up":[{"embeddable":true,"href":"https:\/\/www.atorgael.com\/figurine\/wp-json\/wp\/v2\/pages\/702"}],"wp:attachment":[{"href":"https:\/\/www.atorgael.com\/figurine\/wp-json\/wp\/v2\/media?parent=736"}],"curies":[{"name":"wp","href":"https:\/\/api.w.org\/{rel}","templated":true}]}}